e highest common factor of o and 176.
16
Let g be ((-12)/5 - 0)*5/(-2). Suppose y + 12 = 2*y. What is the greatest common divisor of y and g?
6
Suppose 4*k = -0*m + m + 91, 5*k + m = 125. What is the greatest common factor of 60 and k?
12
Let a be 36/2 - (0 - -3). Suppose a - 2 = v. Calculate the highest common divisor of 143 and v.
13
Let v = 8 + -6. Let z = 4 + v. Suppose -3*j + 2*n = z*n - 66, -5*j + 105 = 5*n. What is the greatest common divisor of j and 27?
9
Suppose -5*d = -185 - 215. Suppose -3*x + d = x. What is the greatest common factor of x and 5?
5
Let i = -8 - -28. Calculate the highest common divisor of i and 50.
10
Suppose 0 = -p + 6*p - 250. Calculate the highest common factor of 10 and p.
10
Let i be 1 - (1 - (4 + -2)). Let s be (i/(-2))/((-4)/52). What is the highest common divisor of 143 and s?
13
Let n be (2/3)/(8/60). Suppose -147 = -4*v - n*z, z + 19 = -v + 55. Calculate the highest common divisor of 3 and v.
3
Let h(s) = 2*s**3 + 3*s + 3. Let v be h(3). Calculate the greatest common factor of v and 6.
6
Suppose -4*r - 4*j + 56 = 0, 2*r - 3*j + 60 = 7*r. What is the greatest common factor of r and 81?
9
Let o(a) = -256*a**2 + 1. Let c be o(1). Let y be c/(-10)*2*1. Calculate the highest common factor of 17 and y.
17
Let j = -21 + 37. Suppose 4*y - j = -n, -n = -3*n + 2*y + 72. What is the highest common divisor of n and 4?
4
Suppose -4*l - 8 = -24. Suppose -5*p + l = 19. Let c be p/(-2)*(3 + 1). What is the highest common factor of c and 2?
2
Suppose -2*c + 14 = -8. Calculate the greatest common divisor of 77 and c.
11
Let h = -128 - -192. Let b = -14 + 22. What is the greatest common factor of b and h?
8
Let x(z) be the second derivative of z**4/12 - z**3/3 + 2*z**2 + 2*z. Let w be x(3). What is the highest common factor of 7 and w?
7
Suppose -2*x = -0*x - 24. Suppose -84 = 9*v - 948. Calculate the highest common divisor of x and v.
12
Let c be (3/9)/((-1)/(-3))*6. Suppose 4*i = 20 - 116. Let z = 42 + i. What is the greatest common divisor of c and z?
6
Let u be (-1)/(-4) - (-55)/4. Let y = 21 - u. What is the highest common divisor of y and 7?
7
Let k = -29 - -43. Let c be 164/k + 14/49. Let i = 376 - 244. What is the greatest common divisor of i and c?
12
Suppose -3*i + 351 = 126. Let t be (-4)/24 + (-362)/(-12). What is the greatest common factor of i and t?
15
Let f = -8 - -8. Suppose f = -5*b + 2*z - 6, -4*z + 6 = 3*b - 6. Suppose -5*i = -b*i - 40. What is the greatest common divisor of i and 24?
8
Let h be ((-54)/(-45))/((-4)/(-50)). Suppose 0 = 4*v + 34 - 334. What is the highest common divisor of v and h?
15
Let p(w) = -w**3 + 5*w**2 + 8*w + 1. Suppose 0 = -4*j, 2*j + 24 = 4*t - 0*j. Let r be p(t). What is the greatest common factor of 143 and r?
13
Let x(m) = 54*m - 6. Let p be x(5). Suppose -6*w = -10*w + p. What is the greatest common factor of 6 and w?
6
Suppose 46 = -2*a + 352. Let y = -81 + a. Suppose -5*p - 12 + 52 = 0. Calculate the highest common factor of p and y.
8
Let q be ((-1)/(-2))/((-2)/(-32)). Suppose -m - 108 = -2*x, -x + 5*m = 12 - 48. What is the greatest common divisor of q and x?
8
Let d = 40 - 29. Suppose 5*q - 5*s = 75, -q - 3*s + d + 20 = 0. What is the highest common divisor of q and 95?
19
Suppose -4 = -2*o, o + 14 = -4*t + 5*t. What is the greatest common divisor of 48 and t?
16
Suppose 13 = -5*d - 22. Let o = -4 - d. Let k be 2/(o/18*3). Calculate the highest common divisor of 10 and k.
2
Let j be 200/11 - 8/44. Calculate the highest common factor of 9 and j.
9
Let c = 10 + 11. Suppose 1 = q + 2*j, -4*q + 25 = -5*j + 73. Let b(z) = z**3 + 6*z**2 - 9*z - 7. Let h be b(q). What is the highest common factor of c and h?
7
Suppose 2*n = 5*n. Suppose 4*r = -n*v - 2*v + 16, 4*r = v + 16. What is the greatest common divisor of 16 and r?
4
Suppose 3 - 5 = -2*z. Let l = z + 4. What is the greatest common factor of l and 55?
5
Suppose -4*x + 20 = -8*x. Let d be (18/x)/(6/(-20)). Suppose 0 = 3*w + 2*p - 26, 3*w - 2*p - 61 = 3*p. What is the greatest common divisor of w and d?
12
Let y(s) = s**2 + 5*s. Let r be y(-5). Suppose r = -z + 40 - 16. Calculate the greatest common factor of 12 and z.
12
Suppose 5*b - 5*g + 140 = 0, 5*g + 2 - 50 = b. Let k = 10 - 23. Let s = k - b. Calculate the greatest common divisor of s and 30.
10
Let f(n) = -2*n + 3. Let k be f(-4). Let v = 81 + -48. What is the highest common factor of k and v?
11
Let r(g) = -g**3 + 7*g**2 - 4*g + 4. Let j be r(6). Calculate the highest common divisor of j and 48.
16
Let y(k) = 7*k**2 + 2*k. Let u be y(-2). What is the highest common factor of u and 3?
3
Suppose -3*k = k - 4. Let p be 1*-1*(k + -9). What is the highest common factor of p and 8?
8
Suppose 3*f = -3*r - 0*f + 60, -4 = r - 5*f. What is the greatest common divisor of 40 and r?
8
Suppose 3*s = 4*s - 66. Calculate the highest common factor of s and 6.
6
Let k be 830/40 - 1/(-4). Calculate the greatest common factor of k and 3.
3
Let s be ((-54)/24)/((15/12)/(-5)). Suppose q - 3*y - 21 = 0, 3*q - 23 - 32 = y. Calculate the highest common factor of q and s.
9
Suppose -7*k + 92 = -5*k. Suppose d + 6 = k. Calculate the greatest common divisor of d and 100.
20
Suppose 2*f - 14 = 4*k, -5*f + 0*k = 5*k - 20. Suppose 4*y = f*v - v - 764, -5*v + 2*y + 970 = 0. Calculate the highest common factor of v and 28.
28
Let n(h) be the second derivative of h**4/12 - 7*h**3/6 + 4*h**2 + 2*h. Let f be n(6). Let g be -8*3/(-4)*f. What is the highest common factor of 108 and g?
12
Let s(d) = 226*d - 1. Let y be s(1). Let q = -148 + y. Let h be (1 - 2)*-1*7. What is the highest common divisor of q and h?
7
Let h = -282 - -443. Suppose 4*m + 41 - h = 0. What is the greatest common divisor of 20 and m?
10
Let y(d) be the second derivative of d + 0 + 1/4*d**4 + 0*d**3 + 3/2*d**2. Let h be y(-3). What is the greatest common factor of 5 and h?
5
Suppose 0 = -x - 2*k - 163, 7*x + k + 332 = 5*x. Let s = 310 + x. Calculate the highest common factor of 13 and s.
13
Let m = -1 - -1. Let l be m + ((-4)/2 - -10). Suppose -3*t = -0*t - 36. What is the highest common factor of l and t?
4
Let s = -19 - -43. Suppose f = -2*g - 1, -5*g + f + 4 + 4 = 0. Let n be (s + g)*(-6)/(-15). Calculate the highest common divisor of 30 and n.
10
Let f = -16 - -18. What is the greatest common factor of 3 and f?
1
Suppose 14 = 2*l + 2*c - 5*c, 2*c = -5*l + 73. Suppose -2*t - 2*t + 314 = -2*b, b = t - 79. Calculate the highest common factor of t and l.
13
Let j(g) = -g**2 - 5*g + 5. Let d be j(-9). Let o = d + 91. Suppose 7*s - 2*s = o. What is the greatest common factor of 108 and s?
12
Let u(h) = -h**3 + 2*h**2 + 2*h - 3. Let o be u(-5). Calculate the greatest common divisor of o and 18.
18
Let z(f) = 4*f + 16. Let w be z(11). Calculate the greatest common factor of 12 and w.
12
Suppose 0 = -5*c + 51 + 9. What is the greatest common divisor of c and 48?
12
Let x(f) = 112*f. Let t be x(1). Calculate the highest common factor of t and 14.
14
Let x = 25 + -13. What is the greatest common divisor of x and 18?
6
Let o = 38 - -7. What is the greatest common divisor of 72 and o?
9
Let s = 138 - 47. What is the highest common divisor of 7 and s?
7
Let v = 2 - -12. What is the greatest common divisor of 7 and v?
7
Suppose 0 = -2*p + 3*b + 18 + 196, b - 214 = -2*p. Suppose y = -y + 4*z + 112, -2*y + p = -5*z. What is the greatest common divisor of y and 11?
11
Let m(i) = i + 2*i + i + 6. Let o be m(3). What is the greatest common divisor of 12 and o?
6
Suppose -23 - 18 = -2*x - 5*d, -x + 3*d + 4 = 0. Calculate the greatest common divisor of x and 117.
13
Let x(p) = 2*p**2 - p + 2. Let u be x(-6). Let r(a) = a**2 + a + 32. Let f be r(0). Calculate the highest common factor of u and f.
16
Suppose -4*c + 554 = -166. What is the highest common divisor of c and 20?
20
Suppose -204 = 2*y - 50. Let l be y/3*(-15)/5. What is the highest common factor of 7 and l?
7
Let v = 205 + -29. Calculate the greatest common factor of 16 and v.
16
Suppose -2*c + 4*k = -3 + 39, 0 = -k. Let n = c - -27. Let f be (-42 - 0)*(-9)/6. What is the highest common divisor of n and f?
9
Suppose -5*p - 2*j = j - 215, -30 = -p + 2*j. Let s = 7 + -9. Let b be (-56)/(-6) + s/(-3). Calculate the highest common factor of p and b.
10
Let f be (4/(-8))/((-1)/2). Let u be